24. What is z(16)?
4
Let p(q) = -8*q - 347. Give p(-40).
-27
Let s(c) = -c**3 + 12*c**2 + 42*c + 24. Give s(15).
-21
Let d(m) = 815*m - 2479. Calculate d(3).
-34
Let l(w) = -w**3 + 24*w**2 - 156*w + 138. Determine l(12).
-6
Let f(y) = -39*y - 961. Determine f(-22).
-103
Let r(k) = -k**3 - 67*k**2 + 130*k - 249. Calculate r(-69).
303
Let v(h) = 2*h**3 - 101*h**2 + 697*h + 714. What is v(42)?
0
Let q(k) = -35*k**2 + 352*k - 62. What is q(10)?
-42
Let s(m) = -92*m - 1021. What is s(-11)?
-9
Let q(k) = 59*k - 247. Calculate q(4).
-11
Let o(n) = -3*n**2 + 2721*n - 2720. Calculate o(1).
-2
Let o(c) = -5*c**2 - 145*c - 75. Give o(-26).
315
Let t(g) = -7*g - 182. What is t(-27)?
7
Let w(t) = 2*t**3 - 12*t**2 - 76*t - 42. What is w(10)?
-2
Let r(p) = 3*p**2 + 5*p - 10. Give r(-4).
18
Let t(w) = w**3 - 41*w**2 + 29*w + 234. Give t(40).
-206
Let d(h) = 824*h - 4134. What is d(5)?
-14
Let a(t) = 121*t**2 - 2416*t + 20. Calculate a(20).
100
Let f(i) = 21*i + 376. Determine f(-34).
-338
Let r(d) = 2*d**3 - 34*d**2 + 150*d + 29. What is r(10)?
129
Let u(h) = 871*h + 40061. Determine u(-46).
-5
Let x(m) = 3*m + 27. Calculate x(-12).
-9
Let n(i) = -i**3 - 14*i**2 + 13*i - 124. Calculate n(-15).
-94
Let k(v) = -290*v + 586. Give k(2).
6
Let i(y) = 2*y**2 + 35*y + 37. Give i(-5).
-88
Let w(x) = 39*x**3 - 3*x**2 - 20*x - 36. What is w(-3)?
-1056
Let v(g) = 394*g + 5550. Calculate v(-14).
34
Let c(k) = k**2 + 151*k + 725. Give c(-5).
-5
Let o(x) = -8*x**3 + 50*x**2 - 26*x + 75. Calculate o(6).
-9
Let s(i) = 3*i**2 - 64*i + 13. What is s(21)?
-8
Let h(s) = s**3 - s**2 - 50*s - 54. What is h(8)?
-6
Let t(j) = j**3 + 13*j**2 - 2*j + 10. Give t(-12).
178
Let i(f) = -f**3 - 5*f**2 - 24*f - 130. Determine i(-5).
-10
Let y(m) = -2*m**2 + 302*m - 2561. Determine y(9).
-5
Let v(o) = -31*o**2 - 13*o - 12. Calculate v(-1).
-30
Let j(i) = -11*i**3 + 274*i**2 + 5*i + 480. Give j(25).
-20
Let m(y) = -42*y + 634. Calculate m(13).
88
Let o(u) = 21*u + 108. Give o(0).
108
Let a(i) = -i**3 - 7*i**2 - 20*i + 19. Give a(-3).
43
Let c(y) = -y**2 + 2*y + 13. Calculate c(2).
13
Let d(g) = -2344*g + 21027. Determine d(9).
-69
Let w(a) = 8*a + 1226. Calculate w(-153).
2
Let q(d) = -d**3 - 71*d**2 + 149*d + 226. Determine q(-73).
7
Let z(y) = -2*y**3 - 64*y**2 - 124*y - 125. Give z(-30).
-5
Let i(b) = 2*b**3 - 3*b**2 - 57*b - 24. What is i(-5)?
-64
Let h(o) = o**3 + 9*o**2 + 22*o + 19. What is h(-8)?
-93
Let c(k) = -579*k - 1144. Give c(-2).
14
Let w(r) = 739*r - 5922. Determine w(8).
-10
Let x(k) = 297*k - 288. Calculate x(1).
9
Let n(a) = a**3 - 89*a**2 + 536*a + 3121. Give n(82).
5
Let a(u) = -4*u - 216. Calculate a(-3).
-204
Let j(d) = -d**2 + 36*d - 13. Calculate j(39).
-130
Let g(r) = -19*r - 49. Determine g(-21).
350
Let g(x) = -x**2 - 40*x - 191. What is g(-37)?
-80
Let q(v) = -v**3 - 40*v**2 + 44*v + 112. Calculate q(-41).
-11
Let n(z) = z**3 - 21*z**2 + 56*z - 13. Calculate n(18).
23
Let g(l) = 3*l**3 + 40*l**2 + 31*l + 204. What is g(-13)?
-30
Let z(y) = 767*y - 2294. Determine z(3).
7
Let u(g) = -2*g**3 + 79*g**2 + 28*g + 494. What is u(40)?
14
Let x(d) = -12*d**3 + 84*d**2 + 4*d - 8. Give x(7).
20
Let d(b) = -b**2 + 34*b + 439. Determine d(-10).
-1
Let r(j) = -31*j**2 - 23*j - 21. Calculate r(3).
-369
Let k(n) = 14*n**2 + 117*n + 31. What is k(-8)?
-9
Let i(a) = -48*a + 1162. What is i(22)?
106
Let j(l) = -92*l**2 + 1839*l + 16. What is j(20)?
-4
Let f(i) = 11*i**2 - 329*i - 23. Calculate f(30).
7
Let d(b) = 175*b + 2083. Determine d(-12).
-17
Let q(v) = -4*v**2 - 62*v + 572. Give q(-21).
110
Let k(z) = -376*z + 4136. What is k(11)?
0
Let t(w) = -138*w - 1558. Give t(-14).
374
Let r(v) = -153*v**2 + 28*v - 31. Determine r(1).
-156
Let n(f) = -2*f**3 + 43*f**2 - 15*f - 130. Give n(21).
-4
Let w(i) = -17*i**3 - 4*i**2 - 38*i + 37. Determine w(1).
-22
Let w(f) = f**3 + 11*f**2 + 28*f + 26. Determine w(-8).
-6
Let k(c) = 9*c**2 + 580*c + 823. Calculate k(-63).
4
Let l(x) = -x**2 + 40*x + 370. Determine l(-8).
-14
Let i(y) = y**3 + y**2 + 40*y + 86. Calculate i(-3).
-52
Let z(b) = 20*b**2 + 181*b + 275. Give z(-7).
-12
Let o(q) = -q**3 - 17*q**2 - 75*q - 659. Give o(-15).
16
Let m(h) = h**3 + 4*h**2 - 4*h + 9. Determine m(4).
121
Let h(d) = -5*d**3 + 7*d**2 + 21*d - 43. What is h(5)?
-388
Let r(g) = -g**2 - 103*g + 15695. Give r(84).
-13
Let v(j) = j**3 - 40*j**2 + 110*j + 142. What is v(37)?
105
Let y(m) = -74*m - 457. Give y(-7).
61
Let u(z) = 19*z**2 + 9*z - 101. What is u(-8)?
1043
Let b(f) = -3*f**3 + 53*f**2 - 43*f + 149. Give b(17).
-4
Let w(x) = 1615*x + 8136. Calculate w(-5).
61
Let d(i) = -2*i**2 + 112*i - 1474. What is d(21)?
-4
Let t(f) = f**3 - 159*f**2 - 253*f + 40228. What is t(159)?
1
Let i(l) = 6*l**3 - 63*l**2 + 82*l - 15. What is i(9)?
-6
Let n(z) = -474*z + 42650. Give n(90).
-10
Let y(p) = -p**2 + 52*p - 695. What is y(26)?
-19
Let l(m) = 6*m**2 + 239*m + 197. Calculate l(-39).
2
Let q(r) = -22*r**2 + 22*r - 2. What is q(3)?
-134
Let n(w) = -4*w**3 + 6*w**2 - 237*w + 471. Determine n(2).
-11
Let s(a) = -735*a**2 - 5879*a + 19. What is s(-8)?
11
Let m(v) = -197*v + 177. Give m(1).
-20
Let n(q) = 105*q + 94. Calculate n(3).
409
Let j(c) = -2*c**2 + 104*c + 852. Give j(59).
26
Let o(z) = z**3 - 13*z**2 + 10*z + 55. Give o(0).
55
Let v(k) = -5*k**2 - 267*k - 1113. What is v(-4)?
-125
Let g(o) = -1912*o + 36317. What is g(19)?
-11
Let i(o) = o**3 - 6*o**2 - 10*o + 30. Determine i(7).
9
Let b(x) = 39*x + 268. Determine b(-8).
-44
Let j(c) = 161*c + 2501. Give j(-16).
-75
Let h(k) = 31*k**3 + k**2 - 4*k + 4. What is h(1)?
32
Let o(v) = 43*v**2 + 1437*v + 7950. Give o(-7).
-2
Let z(s) = 35*s + 817. Determine z(-24).
-23
Let n(j) = 228*j - 8891. Give n(39).
1
Let p(w) = -2*w**2 + 298*w - 5017. What is p(129)?
143
Let x(n) = -3*n**3 - 198*n**2 + 3645*n - 12. What is x(-81)?
-12
Let p(f) = f**2 + 32*f - 41. Determine p(-26).
-197
Let o(m) = -11*m + 177. Give o(24).
-87
Let r(i) = -24*i**2 - 47*i + 141. Calculate r(3).
-216
Let w(u) = u**2 + 35*u + 310. Give w(-18).
4
Let p(l) = 10*l**2 + 1162*l + 222. Calculate p(-116).
-10
Let u(h) = -3*h**2 + 57*h - 209. Give u(14).
1
Let v(b) = -12*b - 20. Give v(0).
-20
Let h(i) = -i**3 - 70*i**2 - 73*i - 280. Determine h(-69).
-4
Let k(j) = 19*j - 98. Give k(8).
54
Let t(k) = -65*k**2 + 909*k + 9. Calculate t(14).
-5
Let q(o) = o**3 + 57*o**2 + 271*o + 3119. Give q(-53).
-8
Let b(r) = 2*r**3 - 53*r**2 - 30*r - 29. Give b(27).
-110
Let n(f) = 68*f - 2445. What is n(36)?
3
Let n(h) = 3*h**2 + 41*h + 149. What is n(-5)?
19
Let p(j) = 8*j**3 - 262*j**2 - 62*j - 121. Calculate p(33).
11
Let k(h) = -h**3 + 38*h + 1. Calculate k(0).
1
Let w(x) = -12*x - 21. Give w(-2).
3
Let f(a) = -1744*a - 5231. Give f(-3).
1
Let x(t) = -t**2 + 11*t - 2. Calculate x(4).
26
Let j(r) = -r**2 - 29*r - 198. Determine j(-23).
-60
Let l(d) = 2*d**2 - 29*d - 10. Give l(15).
5
Let w(y) = -30*y - 4259. What is w(-142)?
1
Let s(g) = -2*g**3 + 9*g**2 + 20*g - 4. Determine s(6).
8
Let z(j) = j**3 - 26*j**2 - 4*j + 100. Determine z(26).
-4
Let x(m) = -m**2 - 67*m - 296. Determine x(-31).
820
Let a(r) = -r**3 - 24*r**2 + 60*r + 164. Calculate a(-26).
-44
Let u(t) = 57*t - 1432. Give u(25).
-7
Let y(r) = -824*r - 4922. Give y(-6).
22
Let c(h) = -2*h**3 - 109*h**2 - 155*h + 217. Determine c(-53).
5
Let u(v) = 3*v**2 + 17*v - 192. What is u(5)?
-32
Let i(o) = -1091*o + 4502. What is i(4)?
138
Let x(c) = c**2 - 42*c - 188. Determine x(44).
-100
Let j(s) = 17*s - 63. Determine j(6).
39
Let c(t) = 2*t**3 + 24*t**2 + 33*t + 67. Calculate c(-11).
-54
Let w(j) = 3*j**3 - 21*j**2 + 57*j - 100. What is w(4)?
-16
Let d(z) = 5*z - 80. What is d(19)?
15
Let c(g) = 315*g + 1258. Calculate c(-4).
-2
Let r(b) = -3*b**3 + 64*b**2 + 43*b + 14. Give r(22).
-8
Let m(g) = -8*g + 75. Give m(3).
51
Let c(w) = -2*w**2 - 328*w + 1633. Determine c(-169).
-57
Let g(x) = 5*x**3 - 766*x**2 + 154*x - 149. What is g(153)?
4
Let o(u) = -u**2 - 66*u - 98. Calculate o(-40).
942
Let w(o) = 8*o**2 + 405*o - 572. Determine w(-52).
0
Let w(g) = -g**2 - 85*g - 1493. Give w(-60).
7
Let j(d) = 4*d + 190. Give j(-36).
46
Let b(r) = r**2 + 29*r - 415. What is b(-39)?
-25
Let l(s) = s**3 - 4*s**2 - 7*s - 66. Calculate l(6).
-36
Let r(w) = w**2 - 8*w - 226. Determine r(20).
14
Let g(h) = 2*h**2 - 36*h + 182. 